
Let q(p) = 3*p**2 + p + 2. Suppose 65 + 15 = 5*j. What is the remainder when q(-4) is divided by j?
14
Let g(u) = 2*u**2 + 4*u + 2. Let f be g(-3). Let c = 26 - f. What is the remainder when 35 is divided by c?
17
Suppose 0 = 3*v - 7*v + 5*m + 7, 2*m + 4 = 2*v. Suppose -5 - 10 = v*y. Let o = y + 15. Calculate the remainder when 18 is divided by o.
8
Let m = -16 + 18. Calculate the remainder when 2 is divided by m.
0
Suppose -5*w - 17 + 58 = i, 0 = -5*w + 20. Calculate the remainder when i is divided by 1/(1/33*3).
10
Suppose -2*u = 3*u - 100. What is the remainder when 118/3*18/12 is divided by u?
19
Let y = 21 - 15. Let f = y + 10. What is the remainder when 31 is divided by f?
15
Let q = -50 - -111. Calculate the remainder when q is divided by 16.
13
Suppose -3*w + 8*w = -p - 9, -3*p = 5*w + 7. What is the remainder when 19 is divided by 3/2*p*8?
7
Let q(c) = -3*c**3 + c**2 + 2*c + 2. Let p be q(-2). Suppose 2*k = k + p. Calculate the remainder when k is divided by 14.
12
Let w(d) = 2*d**3 - 8*d**2 + 2*d + 5. Let g be w(5). Let h be 17/(1 + 6/(-4)). Let t = h + g. Calculate the remainder when t is divided by 11.
9
Suppose 5*o + 3*r = 7, r - 1 = o + 4*r. Let k = 0 + o. Suppose 2*d - 21 = c, -5*d - 2*c + 49 = -k*d. Calculate the remainder when 37 is divided by d.
11
Let g(l) = 3*l + 10. Suppose -14 = -3*p + i, 4 = -i + 5*i. What is the remainder when g(3) is divided by p?
4
Let h(t) = t**3 + 12*t**2 + 12*t + 14. Calculate the remainder when h(-11) is divided by 2.
1
Let g(c) be the first derivative of 1 + 2 + 2*c**2 - 3*c**2 - 15*c. Calculate the remainder when 19 is divided by g(-11).
5
What is the remainder when 38 is divided by (-2*(2 - 15))/2?
12
Let p = -5 + 7. Suppose -17 = -p*l + 31. Calculate the remainder when 71 is divided by l.
23
Suppose -4 = -z + 1. Suppose 0 = -3*l - 0*l + 66. Let v = -8 + l. Calculate the remainder when v is divided by z.
4
Suppose 4*n - 14 = 6. Suppose n*v = -0*v + 80. Suppose 0*m = -2*c - m + 20, 1 = c - 4*m. What is the remainder when v is divided by c?
7
Suppose -3*h + 0*h + 48 = 0. What is the remainder when h is divided by ((-12)/(-9))/((-4)/(-18))?
4
Let f(w) = -w**3 + 16*w**2 - 5*w - 33. Calculate the remainder when f(15) is divided by 24.
21
Let u(h) = 2*h**3 + 3*h**2 - 7*h - 5. Let x be u(-4). Let s = -24 - x. Let i = -12 + 21. What is the remainder when s is divided by i?
6
Suppose -4*k + 200 = -2*k. Suppose -3*j + 65 + k = 0. What is the remainder when j is divided by 14?
13
Suppose -7*d = -64 + 22. Let k = -8 - -23. Calculate the remainder when k is divided by d.
3
Suppose q - 94 = -q. Suppose v = 2*d - q, d - 2*d + 5*v + 46 = 0. Let a = 38 - 27. Calculate the remainder when d is divided by a.
10
Let p = 9 - -26. Suppose -3*x = w - 2 - p, -90 = -2*w + 2*x. What is the remainder when w is divided by 22?
21
Let u = 30 + -17. Suppose o + 2*o = 4*h + 36, 5*h = o - 23. Calculate the remainder when u is divided by o.
5
What is the remainder when 14 is divided by 26/6 + (-46)/(-69)?
4
Let c = -8 - -19. Calculate the remainder when 21 is divided by c.
10
Let f(j) = j + 5. Let c be f(-6). Let v = c - -6. Suppose 0 = v*r - 9 - 16. Calculate the remainder when r is divided by 3.
2
Suppose -3 = 7*p - 6*p. Calculate the remainder when 2/6 + (-89)/p is divided by 11.
8
Suppose -2*f + 22 = 4. Suppose -4*d + f = -3. What is the remainder when d is divided by 1?
0
Suppose 2*d + 2*d - 24 = -2*y, 5*d = 25. Suppose 0 = y*m - 7 - 5. Let a = 385 + -374. Calculate the remainder when a is divided by m.
5
Let w = 196 + -137. Calculate the remainder when w is divided by 12.
11
Let a be ((-4)/(-5))/((-4)/(-710)). Suppose -4*z + 114 = -a. Let t = -36 + z. What is the remainder when t is divided by 10?
8
Suppose -3*u - 2*h + 204 = -88, -3*u = 5*h - 307. Calculate the remainder when u is divided by 16.
14
What is the remainder when 30 is divided by 204/24 - (-1)/(-2)?
6
Suppose 2*o + 8 = 2. What is the remainder when 75 is divided by 1/o - (-232)/12?
18
Suppose -4*w = 2*n - 204, 4*w - 101 - 105 = -n. Calculate the remainder when w is divided by 27.
25
Suppose -17*w = -2*w - 90. What is the remainder when 17 is divided by w?
5
Suppose k - 2*i + 17 = -6*i, -2*k - 5*i - 22 = 0. Let z be 1/k*1 + 2. Calculate the remainder when 58 is divided by (-6 + z)/((-1)/4).
18
Let c(p) = 13*p**2 + 1. Let o = 10 - -8. What is the remainder when c(2) is divided by o?
17
Let y = -15 - -22. What is the remainder when y is divided by (33/(-22))/((-1)/2)?
1
What is the remainder when 71 is divided by 27*(-2 + (-24)/(-9))?
17
Let w(o) = 43*o. Let r be w(2). Let g = -52 + r. Suppose -5*y + g + 16 = 0. What is the remainder when 28 is divided by y?
8
Let v = 6 - 1. Suppose -65 = -5*a - 25. Calculate the remainder when a is divided by v.
3
Let r(h) = -h**3 + 4*h**2 + 5*h + 1. Let c(m) = m**3 - 4*m**2 - 6*m - 2. Let s(x) = 5*c(x) + 6*r(x). What is the remainder when s(3) is divided by 3?
2
Let v = 15 - -19. What is the remainder when 133 is divided by v?
31
Suppose -3*r = -s + 9, 5*r + 16 = 2*s - 0*r. Suppose -s*i + 133 = 40. Calculate the remainder when i is divided by (-51)/(-2)*8/12.
14
Let d = -15 - -21. What is the remainder when d is divided by 5?
1
Suppose 0*w = 2*n + 2*w + 4, -2*n + 5*w = -24. Suppose 3*q + n*q = 80. What is the remainder when 62 is divided by q?
14
Suppose 2*x = -5*z + 44 - 12, 0 = -5*x - z + 57. What is the remainder when 19 is divided by x?
8
Let x be (-3)/(-2)*10/5. Suppose -3*j - 2*o + 86 + 39 = 0, x*j + 4*o - 133 = 0. Calculate the remainder when j is divided by 14.
11
Suppose -4*d + l = -8*d - 36, 4 = -2*d + 3*l. Let c = d + 4. Calculate the remainder when 49 is divided by (78/(-9))/(c/6).
10
Suppose 6*v = 11*v - 260. Calculate the remainder when 152 is divided by v.
48
Let c = -14 - -23. Let s(f) = 4*f + 1. What is the remainder when s(4) is divided by c?
8
Let h = 53 - 26. Suppose 2*b + q - 33 = 0, q + 2*q + h = 3*b. What is the remainder when b is divided by 5?
4
Suppose -z = -0*z - 2. Suppose 0 = z*c + 2*c - 16. What is the remainder when 10 is divided by c?
2
Suppose 2*u = k - 4, k - 7 = -u + 2*u. Calculate the remainder when 17 is divided by k.
7
Let l = -42 - -40. Suppose 17 = 4*h + 41. What is the remainder when (-20)/(-2) + h/l is divided by 8?
5
Calculate the remainder when 29 is divided by -7*((-36)/(-21))/(-2).
5
Let a = 25 - 4. Let k(o) = -5*o - 4. What is the remainder when a is divided by k(-3)?
10
Let s = -8 - -92. Suppose q + 2*q - s = 0. Let u = 38 - 23. What is the remainder when q is divided by u?
13
Let j = -80 + 48. Let p = 54 + j. Calculate the remainder when p is divided by 8.
6
Let d(c) = -22*c - 12. Suppose 6*w = 7*w + 4. Calculate the remainder when d(w) is divided by 20.
16
Suppose 4*w - 11 = -43. Let v(g) = -g**3 - 8*g**2 + 2. Let d be v(w). What is the remainder when 37 is divided by 1/(-4)*d*-26?
11
Let d = -40 - -56. Let s be (d/6)/((-2)/6). Let q(a) = a**2 + 8*a + 10. Calculate the remainder when q(s) is divided by 4.
2
Let a(r) = r**2 + 7*r - 4. Let i be a(-8). Let w be 4/(24/(-45))*-10. Suppose -i*b = b - w. What is the remainder when b is divided by 8?
7
Let q(w) = w**3 - 5*w**2 - 2*w + 5. Calculate the remainder when q(6) is divided by 10.
9
Let g be (1 + 7/(-2))*-2. Suppose -g*c + 18 = h, 2*c - 4 + 13 = 5*h. Suppose -3*j + 12 = -h. What is the remainder when 8 is divided by j?
3
Let n = 30 + -25. Let f = -1 + 3. What is the remainder when n is divided by f?
1
Let b = 38 - 11. Calculate the remainder when (2/6)/(3/b) is divided by 2.
1
Let y = -24 - -40. Calculate the remainder when y is divided by 6.
4
Calculate the remainder when 25 is divided by (1 - 2)/((-11)/99).
7
Let k = -1 + 12. Let o(u) = 65*u**3 + u. Let p be o(1). Suppose p - 6 = 3*d. What is the remainder when d is divided by k?
9
Suppose -4*n + 392 = 4*o, 4*o = 11 + 5. What is the remainder when n is divided by 32?
30
Let n be 2*1/2 + 1. What is the remainder when (10/(-4))/((-4)/16) is divided by n/(-5)*(-10)/1?
2
Let j = -2 - -1. What is the remainder when 7 is divided by (-3)/j - (3 + -3)?
1
Let q = 24 + -27. Let f(x) = 3*x + 4. Let h be f(3). Let r = q + h. Calculate the remainder when r is divided by 4.
2
Suppose 3*s + 60 = -5*v - 0*s, 36 = -3*v - 3*s. Calculate the remainder when ((-4)/v)/(2/198) is divided by 9.